pose -5*o + f = 5*c, -75 = -y*o + 2*o - 2*c. What are the prime factors of o?
3, 5
Let h be 1/(-4) + 51/12. Suppose h*z - 310 - 438 = 0. List the prime factors of z.
11, 17
Suppose 7*s - 4*s = -3. Let n be 1 + 1 + (-3 - s). Suppose 2*r + 4 = n, 3*c - 5*r - 174 = -c. What are the prime factors of c?
41
Let v(x) = -x**2 + 3*x - 1. Let w = 8 + -4. Let o be v(w). What are the prime factors of 1*3 - (0 + o)?
2
Let c(p) = 4*p**2 + p + 3. List the prime factors of c(2).
3, 7
Let o(i) = i**3 + 30*i**2 - 31*i + 103. What are the prime factors of o(-31)?
103
Let s = 101 - -56. What are the prime factors of s?
157
Let i be 1 + (6/(-5))/(27/(-13680)). Let c = i - 420. What are the prime factors of c?
3, 7
What are the prime factors of -12 - (7 - (-24211)/(-11))?
2, 1091
Let k(b) = 3*b**2 - 8*b + 55. What are the prime factors of k(15)?
2, 5, 61
Suppose -3*h + 373 = 2*h + 2*y, 3*h + 4*y - 221 = 0. Suppose -5*u - f - f = -174, f + h = 2*u. Suppose 2*a = -0*a + u. List the prime factors of a.
2, 3
Let v = 3 + 1. Let w be ((-2)/v)/(3/(-54)). Suppose -4*a + 32 = 2*y, y - 3*a - 2*a = w. What are the prime factors of y?
2, 7
Let i be (-1*3)/(27/(-45)). Suppose i*t - 15 = 2*t. Suppose 41 = 4*h + 5*u, -t*u + 3 = h - 26. What are the prime factors of h?
2
Let v be (-22)/8 + (-3)/(-4) + 5. Suppose -2*d + v*o = o - 386, 5*o = -15. What are the prime factors of d?
2, 5, 19
Suppose 0*v = -5*v - b + 2030, -b - 5 = 0. Let i = -275 + v. What are the prime factors of i?
2, 3, 11
Let h(d) = 11*d**3 + d**2 - d - 4. What are the prime factors of h(3)?
13, 23
Let q(b) = -2*b**2 + b + 4*b**2 + 168 - 165 - 5*b. Let o be 1/4 - (-19)/4. List the prime factors of q(o).
3, 11
Suppose -k - 2*k = 0. Suppose j = -2*j + 12. Suppose -3*b - 34 = -4*q - 240, j*b - 3*q - 284 = k. List the prime factors of b.
2, 37
Suppose -2*d + 11 = 59. Let c = 34 + d. Suppose 4*i = 6*i - c. List the prime factors of i.
5
Let u = 2538 + -1678. What are the prime factors of u?
2, 5, 43
Let z(x) = 3 - 3 - 2*x**3 + x. Let c be z(-2). Suppose -5*i = -4*v + c - 89, 0 = 3*v. What are the prime factors of i?
3, 5
Suppose 3*k = -k + 516. List the prime factors of k.
3, 43
Suppose -5*k - 3*o + 7905 = 0, 17*k - 18*k + 4*o + 1581 = 0. What are the prime factors of k?
3, 17, 31
Let s = 75 - -494. Suppose 0 = -2*k + s - 163. What are the prime factors of k?
7, 29
Let k(n) = 2*n - 20. Let c be k(14). What are the prime factors of (c/(-3))/(14/(-147))?
2, 7
Let s be 0 + (-6 - -56)*2. Let n(o) = o**2 - 2*o + 2. Let m be n(2). Suppose -m*q = -k - k - s, k = -5. What are the prime factors of q?
3, 5
Let c = 886 + -296. List the prime factors of c.
2, 5, 59
Let p(k) = 3*k + 34. Let b be p(-12). What are the prime factors of b + 45 + (-2 - 2)?
3, 13
Let v = 38 - 22. Let u be -4 + 1*(v + 3). Suppose -5 - u = 5*q, 0 = 3*s - 2*q - 74. List the prime factors of s.
2, 11
Suppose -9*y - 775 = -14*y. List the prime factors of y.
5, 31
Suppose 3*l + 13 = c - 0*l, 13 = 4*c + l. Suppose 81 - 469 = c*n + 5*t, -5*t = -5*n - 440. Let s = -59 - n. What are the prime factors of s?
3, 11
Let f = -767 - -1284. What are the prime factors of f?
11, 47
Suppose 0 = 13*n - 7*n - 942. Let r = 208 - n. List the prime factors of r.
3, 17
Suppose 0 = 2*h - 0*h - 8. Suppose -h*d - 1 = -3*d - 2*g, -g = -2*d + 13. What are the prime factors of d + 0 - 3/(-1)?
2, 3
Let j(a) = -144*a - 97. List the prime factors of j(-3).
5, 67
Let h = 69 + -66. Suppose -n + 70 = x, h*n = -0*n - 4*x + 209. List the prime factors of n.
71
Let x = 159 - 550. Let p = -113 - x. What are the prime factors of p?
2, 139
Let v be (6/21)/((-1)/(-7)). Suppose -o = v + 1. What are the prime factors of o/(-3) + -5 - -30?
2, 13
Suppose -5*f + 4*g = 162 - 754, 0 = -3*f - 2*g + 364. List the prime factors of f.
2, 3, 5
Let a be 0 - (1 - 9)*11/22. Suppose 4*z - 178 = -a*b + 402, 0 = -3*b + 4*z + 456. What are the prime factors of b?
2, 37
Let k be (-1)/(-7) - (-138)/14. List the prime factors of k + 2 + -1 + 1.
2, 3
Suppose -2*u + 5 - 18 = 5*z, -3*z + 21 = -2*u. List the prime factors of u/(-15) + 246/15.
17
Let p be -5*9/((-90)/236). Suppose -6*t + 1606 = p. What are the prime factors of t?
2, 31
Suppose 84 - 21 = 3*i. Let m = 24 - i. Suppose -m*r + 55 = 2*r. List the prime factors of r.
11
Suppose z - 3*z = -5*i - 49, -3*z + 5*i + 61 = 0. What are the prime factors of (-408)/z*2/(-4)?
17
Let l be 6/(-14) - 176/112. Let m(s) = -s**3 - s**2 - s + 1. Let p(f) = f**3 + 8*f**2 + 7*f - 4. Let w(d) = 5*m(d) + p(d). What are the prime factors of w(l)?
41
Suppose 2*o - o = -5*v + 31, v = -2*o - 1. Let b = 13 + v. List the prime factors of b.
2, 5
Let i be (-323)/(-68) - (-6)/(-8). Let o be 4*(i + 975/20). Suppose -w + o = t + 3*t, 3*t = -3*w + 147. List the prime factors of t.
2, 3
Suppose 89 = 6*q - 7. List the prime factors of q.
2
Let n be (2/(-6))/((-16)/4560). Let b = -88 + n. List the prime factors of b.
7
Suppose -u + 15 = 4*u. Let c(b) = -11 + u - 17*b + 4 - 3*b. What are the prime factors of c(-2)?
2, 3
Let k(x) = 270*x + 15. What are the prime factors of k(5)?
3, 5, 7, 13
Let w be 1 - (-36)/(-16)*(43 - -1). List the prime factors of (-2 - 20/(-8)) + w/(-4).
5
Suppose 0 = 18*r - 7022 - 8152. What are the prime factors of r?
3, 281
Let n = -94 + 284. What are the prime factors of n?
2, 5, 19
Suppose -25 = -6*m + m. Suppose 6*g - m = 7. List the prime factors of g.
2
Let k = 17 + -11. Suppose -55 = k*s - s. What are the prime factors of (12 + s)/(2/46)?
23
Let m(v) = -v**3 + 6*v**2 + 16*v + 5. Let s be m(8). Suppose -s*c + 10 = 0, -4*f - 3*c = -2*c - 346. List the prime factors of f.
2, 43
Let i(b) = b**3 - 6*b**2 + 4*b + 4. Let d be i(5). Let s be d - (-2 + 1/(-1)). Let y = 20 - s. What are the prime factors of y?
2, 3
Suppose -7*l + 2*l + 1275 = 0. Let s = 51 + -45. Suppose h - s*h = -l. List the prime factors of h.
3, 17
Suppose x - 159 = -46. Let r = x + -16. What are the prime factors of r?
97
Suppose -2*t - 44 = -3*t. What are the prime factors of ((-66)/(-12))/(2/t)?
11
What are the prime factors of 6*(-5)/(-60)*622?
311
Suppose -2668 = -s + 2*r, 0 = -3*s + 3*r + 4944 + 3057. What are the prime factors of s?
2, 31, 43
Let a = 5 + -5. Suppose -2*o + 156 = 3*w - 294, -4*o = a. What are the prime factors of w?
2, 3, 5
Let a = 29 + -29. Let r be -1 + 144/(a + -4). Let l = 91 + r. What are the prime factors of l?
2, 3
Let p = -17 + 10. Let f(s) = -s**3 - 30 - 28 - 6*s**2 + 49 + 3*s. List the prime factors of f(p).
19
Let t(v) = -v - 18. Let l be t(-13). Let h(i) be the second derivative of i**5/20 + i**4/2 - 2*i**3/3 - 4*i**2 - 2*i. List the prime factors of h(l).
37
Suppose 11*x - 1354 - 24089 = 0. List the prime factors of x.
3, 257
Let z(i) = i. Let k(p) be the third derivative of 4*p**4/3 + p**3/3 + 6*p**2. Let w(n) = k(n) - 3*z(n). List the prime factors of w(2).
2, 3, 5
Suppose 5*k = 3*k - 24. Let j = k - -28. Let c = j + -3. List the prime factors of c.
13
Suppose 6 - 9 = -y. Suppose 492 = 4*b - 7*d + 3*d, y*d = 2*b - 244. Let l = -69 + b. What are the prime factors of l?
2, 7
What are the prime factors of (8 - 7)/((9/87)/3)?
29
Let k(u) = -u**3 - 7*u**2 + 7*u + 1. Let d be k(-8). Let f = d + -2. Let p = f - -8. List the prime factors of p.
3, 5
Suppose k - b - 1037 = 0, -5*k + 1037 = -4*k + b. What are the prime factors of k?
17, 61
Let f(p) = -p**3 + 5*p**2 - p - 10. Let x(v) = v**2 - v - 1. Let b(o) = -f(o) + 2*x(o). What are the prime factors of b(5)?
53
Suppose 772 = 2*n + a, 2*n - 760 = -0*n + 5*a. Suppose -3*b - 2*b + 353 = 3*s, -5*b + n = -5*s. What are the prime factors of b?
73
Let d(t) = -t**3 + 22*t**2 - 40*t + 26. List the prime factors of d(15).
7, 11, 13
List the prime factors of 1/(5 + -4)*263/1.
263
Let p(k) = k**3 - 6*k**2 + 8*k + 2. Let m be p(4). Suppose m*c - 2*v - 24 = 0, v + 4*v = -3*c + 36. What are the prime factors of -54*c/8*-1?
3
Let j be 436/20 - 2/(-10). Suppose -2 + j = -4*r. List the prime factors of (r + 1)*(-88)/32.
11
Suppose 0 = 4*l + 3*z - 23 + 4, -2*l + 3*z = 13. Suppose 0*n - 3*x = n - 4, -n - 2*x + l = 0. Let u = n - -46. What are the prime factors of u?
41
Suppose a + 87 - 407 = -5*t, -5*a + 1623 = 2*t. Suppose r - 77 = 5*n, 5*r + 5*n = -0*r + a. List the prime factors of r.
67
Let c(j) = 86*j**2 - 31*j + 21. List the prime factors of